{"id":73,"date":"2018-03-06T13:13:16","date_gmt":"2018-03-06T12:13:16","guid":{"rendered":"http:\/\/terapiapruszcz.pl\/?page_id=73"},"modified":"2018-03-06T13:44:00","modified_gmt":"2018-03-06T12:44:00","slug":"fizjoterapia","status":"publish","type":"page","link":"http:\/\/terapiapruszcz.pl\/index.php\/fizjoterapia\/","title":{"rendered":"Fizjoterapia"},"content":{"rendered":"<h2 align=\"justify\"><span style=\"color: #00673a;\">Dyplomowany Specjalista w dziedzinie fizjoterapii, oraz wieloletni nauczyciel akademicki, oferuje <\/span><span style=\"color: #00673a;\">kompleksow\u0105 fizjoterapi\u0119 funkcjonaln\u0105 dzieci w tym:<\/span><\/h2>\n<ul>\n<li>Konsultacja fizjoterapeutyczna dzieci &#8211; kompleksowe badanie, kt\u00f3rego celem jest okre\u015blenie fizjologicznych i biomechanicznych dysfunkcji u dziecka w ka\u017cdym wieku i je\u015bli jest to wskazane opracowanie indywidualnie dobranej terapii (dysfunkcje ruchowe, wady postawy, nieharmonijny rozw\u00f3j). <strong>Czas trwania pojedynczej konsultacji 45-60 minut\/120 PLN<\/strong><\/li>\n<li>Piel\u0119gnacja i fizjoprofilaktyka niemowl\u0105t \u2013 instrukta\u017c prawid\u0142owo wykonywanej codziennej piel\u0119gnacji noworodka i niemowlaka, w tym m.in. sposoby noszenia, odk\u0142adania, podnoszenia, ubierania, karmienia, k\u0105pania, obracania, pozycje aktywnego sp\u0119dzania czasu itp. <strong>czas trwania 45-60 minut\/120 PLN<\/strong><\/li>\n<li>Terapia \u2013 \u0107wiczenia indywidualne z wykorzystaniem umiej\u0119tno\u015bci i technik zdobytych na certyfikowanych kursach &#8211; <strong>czas trwania 45 minut\/ 100 PLN<\/strong><\/li>\n<\/ul>\n<ul>\n<li><span style=\"color: #00673a;\"><strong>NDT Bobath<\/strong><\/span>, koncepcja terapeutyczna stosowana na ca\u0142ym \u015bwiecie z powodzeniem dla wcze\u015bniak\u00f3w, niemowl\u0105t i dzieci starszych z zespo\u0142ami neurologicznymi, ortopedycznymi, genetycznymi oraz prezentuj\u0105cymi op\u00f3\u017anienia w rozwoju. Usprawnianie wed\u0142ug NDT-Bobath ma pom\u00f3c dziecku we wszechstronnym rozwoju tak, aby mog\u0142o uzyska\u0107 umiej\u0119tno\u015bci ruchowe dostosowane do odpowiedniego wieku i adekwatne do aktualnych dysfunkcji ma\u0142ego Pacjenta.<\/li>\n<li><span style=\"color: #00673a;\"><strong>PNF Prorioceptive Neuromuscular Facilitation<\/strong><\/span> (torowanie nerwowo-mi\u0119\u015bniowe) stosowana w dysfunkcjach neurologicznych i ortopedycznych, to metoda kompleksowej kinezyterapii, oparta na neurofizjologicznych zasadach wykonywania czynno\u015bci ruchowych i ich rozwoju w trakcie \u017cycia cz\u0142owieka. <a name=\"firstHeading\"><\/a><\/li>\n<li><span style=\"color: #00673a;\"><strong><span lang=\"pl-PL\">Lehnert-Schroth <\/span><\/strong><\/span><span lang=\"pl-PL\">&#8211; metoda fizjoterapii stosowana w leczeniu skrzywie\u0144 kr\u0119gos\u0142upa. Ortopedyczno &#8211; oddechowy zestaw \u0107wicze\u0144 polegaj\u0105cy na pracy w trzech p\u0142aszczyznach: czo\u0142owej, strza\u0142kowej i poprzecznej. W korekcji skolioz wykonuje si\u0119 \u0107wiczenia asymetryczne, a w korekcji odchyle\u0144 w p\u0142aszczy\u017anie strza\u0142kowej &#8211; symetryczne. \u0106wiczenia powinny by\u0107 wykonywane systematycznie i z du\u017c\u0105 intensywno\u015bci\u0105. Skuteczne nawet u ludzi doros\u0142ych. <\/span><\/li>\n<li><span style=\"color: #00673a;\"><strong>FDM (Fascial Distortion Model)<\/strong><\/span> jest form\u0105 leczenia, w kt\u00f3rej uznaje si\u0119, \u017ce przyczyn\u0105 niemal\u017ce ka\u017cdego urazu narz\u0105du ruchu jest co najmniej jedna z sze\u015bciu tzw. dystorsji (zniekszta\u0142ce\u0144) powi\u0119zi. Najcz\u0119\u015bciej i najszerzej stosowane jest w leczeniu narz\u0105du ruchu i uszkodzeniach urazowych.<\/li>\n<li><span style=\"color: #00673a;\"><strong>DNS (Dynamiczna Stabilizacja Nerwowo-Mi\u0119\u015bniowa)<\/strong><\/span> \u201eJe\u017celi jeden mi\u0119sie\u0144 nie dzia\u0142a prawid\u0142owo, zaburzona jest stabilizacja ca\u0142ego cia\u0142a.\u201d Celem terapii jest przywr\u00f3cenie tej stabilizacji dzi\u0119ki odpowiednim \u0107wiczeniom. Metod\u0119 DNS stosuje si\u0119 u pacjent\u00f3w z zaburzeniami uk\u0142adu ruchu, u pacjent\u00f3w neurologicznych oraz w leczeniu ortopedycznym, w pediatrii (pora\u017cenie m\u00f3zgowe, skoliozy, wady postawy, zwichni\u0119cie staw\u00f3w biodrowych, kr\u0119cz karku itp.) oraz w sporcie wyczynowym. Terapia metod\u0105 DNS jest dostosowywana do indywidualnego stanu pacjenta i uwzgl\u0119dnia kombinacj\u0119 wielu \u0107wicze\u0144.<\/li>\n<li><span style=\"color: #00673a;\"><strong>Kinesiology Taping<\/strong><\/span> &#8211; to metoda, kt\u00f3ra pozwala na osi\u0105ganie doskona\u0142ych rezultat\u00f3w terapeutycznych przez dzia\u0142anie sensoryczne plastra kinesiology. Ka\u017cda aplikacja jest poprzedzona badaniem, ocen\u0105 uk\u0142adu mi\u0119\u015bniowo &#8211; powi\u0119ziowego. Nie jest oparta na stosowaniu gotowych szablon\u00f3w dla poszczeg\u00f3lnych schorze\u0144. Kinesiology taping jest najbardziej rozwini\u0119t\u0105 i stale dynamicznie si\u0119 rozwijaj\u0105c\u0105 odmian\u0105 terapii z u\u017cyciem plastra bazuj\u0105c\u0105 na ostatnich osi\u0105gni\u0119ciach wiedzy medycznej z obszaru terapii mi\u0119\u015bniowo &#8211; powi\u0119ziowej. <strong>Koszt zale\u017cy od aplikacji 10-40 PLN<\/strong><\/li>\n<\/ul>\n<ul>\n<li><span style=\"color: #00673a;\"><strong>Masa\u017c Shantala<\/strong><\/span> &#8211; jest staro\u017cytn\u0105 technik\u0105 masa\u017cu niemowl\u0105t oraz dzieci, wprowadzon\u0105 na europejski grunt. Regularne masowanie ma pozytywny wp\u0142yw na dziecko, jak r\u00f3wnie\u017c na matk\u0119 czy inn\u0105 osob\u0119 wykonuj\u0105c\u0105 masa\u017c. <strong>Czas trwania 60-80 minut\/120 PLN<\/strong><\/li>\n<li><span style=\"color: #00673a;\"><strong>Diagnostyka metod\u0105 Prechtla <\/strong><\/span>&#8211; jest metod\u0105 diagnostyczn\u0105 noworodka i ma\u0142ego dziecka, prognozuj\u0105c\u0105 ewentualne uszkodzenia o\u015brodkowego uk\u0142adu nerwowego. Polega na obserwacji spontanicznej aktywno\u015b\u0107 na podstawie kt\u00f3rej okre\u015blamy czy spos\u00f3b w jaki porusza si\u0119 dziecko, w danym wieku, jest prawid\u0142owy czy nieprawid\u0142owy. Podstaw\u0105 badania jest analiza nagrania. Ocenia si\u0119 jako\u015b\u0107 wykonywanych przez dziecko ruch\u00f3w. <strong>Koszt 200 PLN.<\/strong><\/li>\n<\/ul>\n","protected":false},"excerpt":{"rendered":"<p>Dyplomowany Specjalista w dziedzinie fizjoterapii, oraz wieloletni nauczyciel akademicki, oferuje kompleksow\u0105 fizjoterapi\u0119 funkcjonaln\u0105 dzieci w tym: Konsultacja fizjoterapeutyczna dzieci &#8211; kompleksowe badanie, kt\u00f3rego celem jest okre\u015blenie fizjologicznych i biomechanicznych dysfunkcji u dziecka w ka\u017cdym wieku i je\u015bli jest to wskazane [&hellip;]<\/p>\n","protected":false},"author":1,"featured_media":0,"parent":0,"menu_order":0,"comment_status":"closed","ping_status":"closed","template":"page-templates\/page_fullwidth.php","meta":[],"_links":{"self":[{"href":"http:\/\/terapiapruszcz.pl\/index.php\/wp-json\/wp\/v2\/pages\/73"}],"collection":[{"href":"http:\/\/terapiapruszcz.pl\/index.php\/wp-json\/wp\/v2\/pages"}],"about":[{"href":"http:\/\/terapiapruszcz.pl\/index.php\/wp-json\/wp\/v2\/types\/page"}],"author":[{"embeddable":true,"href":"http:\/\/terapiapruszcz.pl\/index.php\/wp-json\/wp\/v2\/users\/1"}],"replies":[{"embeddable":true,"href":"http:\/\/terapiapruszcz.pl\/index.php\/wp-json\/wp\/v2\/comments?post=73"}],"version-history":[{"count":4,"href":"http:\/\/terapiapruszcz.pl\/index.php\/wp-json\/wp\/v2\/pages\/73\/revisions"}],"predecessor-version":[{"id":78,"href":"http:\/\/terapiapruszcz.pl\/index.php\/wp-json\/wp\/v2\/pages\/73\/revisions\/78"}],"wp:attachment":[{"href":"http:\/\/terapiapruszcz.pl\/index.php\/wp-json\/wp\/v2\/media?parent=73"}],"curies":[{"name":"wp","href":"https:\/\/api.w.org\/{rel}","templated":true}]}}